s digit of x?
8
Let v(w) = -7*w + 5. Let r be v(-14). Suppose 4*g + r = 375. Let s = g - 36. What is the tens digit of s?
3
What is the units digit of (-39)/(-7) - ((-468)/63 + 7)?
6
Let d(z) be the second derivative of 7*z**6/720 + 7*z**4/12 + z. Let o(v) be the third derivative of d(v). What is the tens digit of o(6)?
4
Suppose 5*k + 31 - 6 = 0. Let y(b) = 4*b + 4. Let g be y(k). What is the tens digit of g/10*(-35)/2?
2
Let t be (8/14)/((-4)/(-1414)). Suppose -10*y - t = -812. What is the units digit of y?
1
Suppose -3*o + 44 = -2*h + o, 2*h = 3*o - 39. What is the units digit of (54/(-24))/(1/h)?
7
Let v = -31 - -41. What is the units digit of 7/(42/v - 4)?
5
Suppose 5*p + 1124 = 4594. What is the hundreds digit of p?
6
Suppose 2*x - 2 = 0, 5*k = 2*k + 4*x + 1499. What is the hundreds digit of k?
5
What is the units digit of ((-6 - -10) + -3)/1 - -151?
2
Let i(s) = 2*s**3 - 6*s**2 - 8*s + 3. Let m be i(5). Let w = -3 + m. What is the units digit of w?
0
Let p be 2 + -2 - (-6 - -4). Suppose j + 2 = p*j. Suppose -m - 3*s + s = -26, 3*m + j*s - 66 = 0. What is the units digit of m?
0
Suppose -4*t = 5*d - 1308, 2*d + 842 = 5*t - 760. What is the units digit of t?
2
Let h(n) be the second derivative of n**3/6 + 7*n**2/2 - 8*n. Let k be h(3). Let z(j) = j**3 - 9*j**2 - 7*j + 12. What is the tens digit of z(k)?
4
Let m = -105 - -116. Suppose m*h + 513 - 2757 = 0. What is the tens digit of h?
0
Let u(q) = -q - 1. Let v be u(-14). Suppose 21 = -0*o - 3*o. Let p = v + o. What is the units digit of p?
6
Suppose -4*m + 1170 = -17*m. Let y = m + 96. What is the units digit of y?
6
Let b(f) = -4*f**3 + 25*f**2 - 5*f - 26. Let y(d) = 3*d**3 - 24*d**2 + 4*d + 27. Let i(x) = 2*b(x) + 3*y(x). What is the tens digit of i(22)?
7
Let y = -507 + 990. What is the tens digit of y?
8
Let j be (-4)/8 + 81/6. Suppose j = 4*d - m - 2, d - 3*m - 12 = 0. Suppose d*u + 3*w = 14 + 178, 133 = 2*u + 3*w. What is the tens digit of u?
5
Suppose -3*o + 44 + 360 = 5*s, 338 = 4*s - 5*o. Suppose -s = -c + 50. What is the tens digit of c?
3
Let f = -332 + 2977. What is the hundreds digit of f?
6
Suppose -5*m - 2*i + 196 = -i, 5*i - 44 = -m. Suppose 4*d = m + 57. Suppose 0 = -8*v + 4*v + d. What is the units digit of v?
6
Suppose 2*h = -5*r - 10, 3*r = -5*h - 0*h - 6. Suppose -5*z - 2*d - 55 = -397, -d + 1 = h. What is the units digit of z?
8
Let j = -9 + 3. Let c = j - -11. Suppose -t = c*y - 2*y - 52, 3*y = -3*t + 42. What is the units digit of y?
9
Let s(y) = -y**2 - 8*y. Let m be s(-10). Let p = m - -14. Let q(r) = -11*r. What is the units digit of q(p)?
6
Let l(z) = -2*z**3 + 46*z**2 - 5*z + 15. What is the hundreds digit of l(15)?
5
Suppose 0 = 3*a - 6*a. Let m = 23 - -36. Suppose a = 5*n + 9 - m. What is the units digit of n?
0
What is the hundreds digit of (19665/(-276))/(1/(-8))?
5
Let t(r) = r**2 + 3*r - 1. Let d be t(-4). Let h = 20 + d. Suppose -3*w + 119 = h. What is the units digit of w?
2
Let u = -17 + 25. Let k(o) = -3*o + 1 - o**2 + 7*o + 5*o. What is the units digit of k(u)?
9
Let y(c) = -4*c**3 + 10*c**2 + 47*c + 25. What is the units digit of y(-9)?
8
Suppose 9*z - 696 = 3084. What is the units digit of z?
0
Let a(u) = 207*u - 3. Let v be a(3). Suppose -3*o + v = 5*r, 2*r + o - 167 = 80. What is the tens digit of r?
2
Let m = -9 + 3. Let l(v) = -2*v**2 - 11*v - 13. Let f be l(m). Let q = 22 + f. What is the units digit of q?
3
What is the tens digit of (-20)/((-80)/(-8)) - -321?
1
Suppose -2*z + 20 = -12. Suppose 5*m = -z + 46. What is the units digit of m?
6
What is the tens digit of 0/(-3) + 1 + 839?
4
Let f(j) = -j**3 + 15*j**2 - 6*j - 15. Let o be f(14). Let s = o + -30. What is the units digit of s?
7
Suppose -4*f - 8 = -20. Let q = 124 + f. What is the units digit of q?
7
Let l(j) = -22*j - 10. Let w(n) = 4*n**2 + 2*n - 1. Let i(k) = 6*k**2 + 3*k - 1. Let b(m) = -5*i(m) + 7*w(m). Let q be b(-1). What is the units digit of l(q)?
6
Let r(j) = j**3 - 4*j**2 - 31*j + 153. What is the units digit of r(18)?
1
Suppose 68*n - 83808 = 20*n. What is the units digit of n?
6
Let d(y) = 19*y**2 - 4*y + 4. Let q be d(2). Let x = 104 - q. What is the tens digit of x?
3
Suppose 55*w - 51*w + 20 = 0. Let i(c) = c**3 + 10*c**2 - 5*c + 2. What is the units digit of i(w)?
2
Let n = 10 + -58. Let u = n - -186. What is the tens digit of u?
3
Suppose 520*j - 526*j + 9246 = 0. What is the tens digit of j?
4
Let v(k) = 4*k**3 - 2*k**2 + 4. Let h be (-6 - -4)/(0 + -1). What is the units digit of v(h)?
8
What is the hundreds digit of (6/5)/((-12)/(-10700))?
0
Let x be 3/1 - (-21672)/(-9). Let i = 1226 + x. What is the tens digit of (-3)/5 + i/(-15)?
7
Let a(x) = -13*x**2 + 31 + 2*x**2 + 13*x + 0*x**2 + x**3. What is the hundreds digit of a(11)?
1
Suppose 5*w - 272 = -t, 2*t + 4*w = -2*t + 1024. Suppose 3*s - 335 = -2*r, 0 = -2*s + r + t - 24. What is the tens digit of s?
1
Suppose w = -10*w + 12518. What is the hundreds digit of w?
1
Let m = 140 + -55. Suppose -4*n + 3*n = -m. What is the tens digit of n?
8
Suppose 5*d - 4671 = -4*v, 4*d + 4*v - 2*v - 3732 = 0. Suppose 5*l + 3*u = d, -5 = -2*u - 1. What is the hundreds digit of l?
1
Let m(j) = -j**3 + 5. Let c be m(0). Let o be c + (-1 - (1 + -2)). Suppose -o*s = -10*s + 280. What is the units digit of s?
6
Let m(k) = -47*k**3 - 2*k**2 + 6. What is the units digit of m(-2)?
4
Let x(c) = 2*c + 12. Let b be x(-4). Suppose -b*r + 72 = -136. What is the units digit of r?
2
Suppose -2*f = -4*z + 34, 0 = 4*z - z - 5*f - 8. Let o = 52 + z. What is the units digit of o?
3
Let h = 22 + -34. Let y be 2/6 - 20/h. Suppose -5*o + 13 = -y. What is the units digit of o?
3
Let r(t) be the second derivative of t**4/6 - t**3/2 + t**2/2 + 17*t. What is the tens digit of r(-5)?
6
Let q = -290 + 323. What is the tens digit of q?
3
Let s(h) = h - 1. Let v(i) = 7*i - 21. Let u(c) = 18*s(c) - 2*v(c). Let q be u(12). Let m = q - 20. What is the tens digit of m?
5
Suppose 0 = -5*q - 5*u + 1910, -9*u + 8*u - 1130 = -3*q. What is the units digit of q?
8
Let g = 33 - 38. Let t(l) = 15*l - 2. Let d(c) = 29*c - 3. Let x(a) = -6*d(a) + 11*t(a). What is the tens digit of x(g)?
4
Suppose 5*r - 156 = 69. Suppose -7*u + 4*u = -4*x + r, -6 = 2*u. What is the units digit of x?
9
Let n(t) = 2*t**2 + 38*t - 49*t + t**2 - 4 - 5. What is the tens digit of n(8)?
9
Let t(z) = z**3 + z**2 - 4*z + 113. Suppose -2*k + 4*x = 8, x + x = -5*k + 4. What is the hundreds digit of t(k)?
1
Suppose -3*w + 238 = -125. Let q = -78 + w. What is the tens digit of q?
4
Let a = -14 + 12. Let p be (-148)/(-24) + a/12. Suppose 51 + p = 3*d. What is the tens digit of d?
1
Suppose 10 - 190 = -4*n. What is the units digit of (2/(-3))/((-6)/n)?
5
Suppose 120 = 3*t + 3*l, 0*l + l = t - 32. Suppose -3*z + t = -z. What is the tens digit of z - (-2)/6*0?
1
Let d be 6 + -1*1/1. Suppose 15 = -2*y + n, 5*n - 5 = -3*y + d. Let h(p) = p**2 + 3*p - 7. What is the units digit of h(y)?
3
Let t(j) = -j**3 - j**2 - 4*j - 12. Let h be t(-6). Suppose 7*d = 3*d + h. What is the tens digit of d?
4
Suppose z - 18519 = -5*x, 18*x - 20*x + 3*z + 7411 = 0. What is the hundreds digit of x?
7
Let y(m) = -2*m + 4. Let t(v) = -v. Let h(j) = 3*t(j) - y(j). Let g be h(-7). Suppose l - 2*o - 27 = 0, 3*o - 125 = -g*l - 17. What is the tens digit of l?
3
Let d = -34 + 463. What is the units digit of d?
9
Suppose -o - 2*h = 3, -3*o = 2*o - h - 40. What is the units digit of (-4 - -3)/(o/(-651))?
3
Let m(f) = f**2 + f + 11. Let t be m(6). Let y = -35 + t. What is the units digit of y?
8
Suppose -10695 = -3*m - 3*y, -17828 = -5*m - 99*y + 97*y. What is the thousands digit of m?
3
Suppose -5*o - 1538 = -v - 122, 0 = 2*v + 4*o - 2776. What is the units digit of v?
6
Suppose 4*a = 4*w - 3720, -6*w + 10*w + 4*a - 3712 = 0. What is the hundreds digit of w?
9
Let l(r) = 6*r**2 - 1. Let c be l(-1). Suppose -c*s - 281 = 74. Let w = -50 - s. What is the tens digit of w?
2
Let m(d) = -17*d + 542. What is the tens digit of m(0)?
4
Let n be 1*2 + 29 + -26. Suppose -n*d = -s - 1111, 160 = d - 2*s - 55. What is the tens digit of d?
2
Suppose 4*a + 4*w - 16 = 0, -2*a - 5*w + 22 - 8 = 0. Let x be 3 - (a + 0) - -3. Suppose 4 = b + r - 5, x*b - 33 = -r. What is the units digit of b?
8
Let q(s) = 76*s + 7. Let x(h) = -h + 1. Let l(i) = q(i) - 4*